 base 8, what is 2 - 6225?
-6223
In base 8, what is 1 + -721?
-720
In base 13, what is 2 - -135?
137
In base 7, what is -2 - -101?
66
In base 12, what is -116 + -43?
-159
In base 13, what is 67 + -2?
65
In base 10, what is -32 + 8?
-24
In base 15, what is 1 - 3b?
-3a
In base 14, what is -4 + -1?
-5
In base 5, what is 10 + -110?
-100
In base 7, what is 265 + 5?
303
In base 9, what is -3 + 1021?
1017
In base 2, what is 101 - 11101?
-11000
In base 5, what is -4 + -1012?
-1021
In base 4, what is 102323 + 0?
102323
In base 16, what is -a0 - -4?
-9c
In base 16, what is f3 - 4?
ef
In base 14, what is -14 - -3?
-11
In base 8, what is -3 - -110?
105
In base 8, what is 1200 - -11?
1211
In base 12, what is 0 + 4a?
4a
In base 15, what is -d76 - -1?
-d75
In base 7, what is -33 + -2?
-35
In base 5, what is -4 - 2110?
-2114
In base 7, what is 3 - 53?
-50
In base 6, what is 2 - -3305?
3311
In base 6, what is 1021 - 5?
1012
In base 15, what is 0 - -2b8?
2b8
In base 8, what is -11435 + -3?
-11440
In base 7, what is -42601 - 3?
-42604
In base 7, what is 3 - 35424?
-35421
In base 7, what is 40 + -152?
-112
In base 14, what is 111 + 2?
113
In base 6, what is -1 + -1022?
-1023
In base 11, what is -56 + -9?
-64
In base 5, what is -310 - -2?
-303
In base 12, what is -8242 + -2?
-8244
In base 10, what is -5 + -662?
-667
In base 12, what is -5 - -8a2?
899
In base 9, what is -2102 - -2?
-2100
In base 8, what is -313 + -3?
-316
In base 14, what is 6478 - 0?
6478
In base 6, what is -20 - -145?
125
In base 10, what is 3 + 910?
913
In base 3, what is -210202112 + -1?
-210202120
In base 5, what is -21140 + 14?
-21121
In base 8, what is -360 + -3?
-363
In base 14, what is 3b6 - 0?
3b6
In base 6, what is 45 + -20?
25
In base 4, what is 2203 + 3?
2212
In base 12, what is 292 - -3?
295
In base 11, what is 18 - 25?
-8
In base 5, what is 3124 - 4?
3120
In base 14, what is -5d + 4?
-59
In base 8, what is -2 + 2376?
2374
In base 4, what is 231 + -2?
223
In base 6, what is -20 + 2?
-14
In base 13, what is -59 - 127?
-183
In base 6, what is -245 + 11?
-234
In base 10, what is 5 - 282?
-277
In base 9, what is -4 - -165?
161
In base 10, what is 1541 - 1?
1540
In base 16, what is -1 + -43?
-44
In base 10, what is -29 - -17?
-12
In base 6, what is 11 - 15?
-4
In base 12, what is 29 - -29?
56
In base 10, what is 4 + 5?
9
In base 3, what is 102222121 - -10?
102222201
In base 3, what is 21002212 - -1?
21002220
In base 2, what is 0 - 11011011?
-11011011
In base 9, what is -383 - -4?
-378
In base 9, what is -5 - -147?
142
In base 6, what is 233 - 10?
223
In base 13, what is 128 - -8?
133
In base 9, what is 18 + -18?
0
In base 14, what is 0 - 22?
-22
In base 15, what is 3c + -1c?
20
In base 13, what is -4165 - 2?
-4167
In base 14, what is -16 - 250?
-266
In base 2, what is 10111001 + 100?
10111101
In base 15, what is -1 - -10c?
10b
In base 11, what is 0 + 352?
352
In base 15, what is -439 - 7?
-441
In base 14, what is 8a + 3?
8d
In base 8, what is -4 + 264?
260
In base 4, what is 1 + 10211?
10212
In base 11, what is 21 - aa?
-89
In base 15, what is 13 - -44?
57
In base 10, what is -5 - -706?
701
In base 13, what is 37 + -115?
-ab
In base 15, what is -1 - -34?
33
In base 6, what is -4 + -330?
-334
In base 14, what is 2b8c + 0?
2b8c
In base 5, what is -3 + 10210?
10202
In base 3, what is -112 + 100102?
22220
In base 13, what is 3 - 68?
-65
In base 8, what is 23 - -6?
31
In base 15, what is 6 - 2d?
-27
In base 12, what is 3 - 5b0?
-5a9
In base 10, what is 2 - 114?
-112
In base 7, what is 6 - -14?
23
In base 10, what is 19 - -21?
40
In base 2, what is 11111111 + -1?
11111110
In base 10, what is 356 + -3?
353
In base 2, what is 110000 - 1101?
100011
In base 3, what is 200 + 20?
220
In base 4, what is 11111 - -200?
11311
In base 15, what is 5 + -19?
-14
In base 16, what is -179 + 0?
-179
In base 5, what is 2 - -123?
130
In base 14, what is 0 + 1000?
1000
In base 11, what is -3a + -4?
-43
In base 15, what is 9 + -3?
6
In base 9, what is 71 - -8?
80
In base 6, what is -1 + -153?
-154
In base 2, what is -100110000 + -111?
-100110111
In base 14, what is -67 - 4?
-6b
In base 11, what is -3 - 154?
-157
In base 15, what is 3 - 10?
-c
In base 2, what is 101 - -1011010110110?
1011010111011
In base 10, what is -4 + 329?
325
In base 4, what is 1 - -131013?
131020
In base 2, what is -1000 - 100011110110?
-100011111110
In base 13, what is 0 - -1b?
1b
In base 8, what is -62 + 120?
36
In base 16, what is 409 + -6?
403
In base 8, what is 230 + 2?
232
In base 14, what is -1d - -1?
-1c
In base 8, what is -65255 - 0?
-65255
In base 10, what is -1 + -40?
-41
In base 3, what is -2111 + 2?
-2102
In base 11, what is -1990 + 5?
-1986
In base 2, what is 101 + -1100000100?
-1011111111
In base 6, what is 10 - -4?
14
In base 9, what is 622 - 1?
621
In base 11, what is -5486 + 1?
-5485
In base 14, what is -42 + 6?
-3a
In base 7, what is 5 + 146?
154
In base 3, what is -20021 - -21?
-20000
In base 3, what is -11222 - -10?
-11212
In base 3, what is -2 + 11102?
11100
In base 16, what is 1026 - -1?
1027
In base 6, what is 14340 + 2?
14342
In base 9, what is 2 + -64?
-62
In base 8, what is 135622 - -1?
135623
In base 12, what is 292 + -1?
291
In base 13, what is -5 + -7?
-c
In base 6, what is 5 - -205?
214
In base 11, what is -3 - -179?
176
In base 9, what is 3 + -18?
-15
In base 2, what is 110 - 10111001?
-10110011
In base 5, what is -10 + 34133?
34123
In base 3, what is -12 + 21002?
20220
In base 4, what is 1320 + 11100?
13020
In base 11, what is -4350 - 0?
-4350
In base 13, what is 1c79 + -1?
1c78
In base 8, what is 423 + 5?
430
In base 12, what is -17 + 38?
21
In base 10, what is -1 + 148?
147
In base 4, what is 1 + -30323?
-30322
In base 12, what is 2744 + 5?
2749
In base 6, what is -134 + -2?
-140
In base 16, what is -5e8 - -1?
-5e7
In base 3, what is 211121 - 12?
211102
In base 9, what is -13 + 0?
-13
In base 4, what is -3 + -323?
-332
In base 5, what is 1411 + 1?
1412
In base 3, what is -11 + -1120?
-1201
In base 14, what is -5 + -1b6?
-1bb
In base 12, what is 2 - 372?
-370
In base 7, what is 460 + 2?
462
In base 9, what is 266 + 25?
302
In base 4, what is 2 + -332123?
-332121
In base 16, what is -a + 49?
3f
In base 10, what is -3574 - -5?
-3569
In base 12, what is -39a + -3?
-3a1
In base 10, what is 512 + 4?
516
In base 3, what is -12 - -222010?
221221
In base 7, what is 46 + -11?
35
In base 9, what is 3583 - 2?
3581
In base 12, what is 35 - 15?
20
In base 13, what is 1 - 106?
-105
In base 4, what is -1 + 1331?
1330
In base 10, what is 93 + 3?
96
In base 3, what is -22 - -212?
120
In base 10, what is 5 + 85?
90
In base 15, what is 52 + 7b?
cd
In base 15, what is 12 - -3b?
4d
In base 13, what is 3 + -257?
-254
In base 11, what is -22a0 - 2?
-22a2
In base 11, what is 194 - 5?
18a
In base 8, what is 3 - 37?
-34
In base 6, what is 4 - 2400?
-2352
In base 5, what is -1434 + -10?
-1444
In base 5, what is 313203 - -3?
313211
In base 11, what is -6024 + -5?
-6029
In base 3, what is -10 - -100?
20
In base 15, what is 6 - 27b?
-275
In base 7, what is -33 - 660?
-1023
In base 12, what is -24 - 1a8?
-210
In base 14, what is -3 - -202?
1dd
In base 8, what is -52050 + -4?
-52054
In base 5, what is -1040 + 13?
-1022
In base 14, what is -5 - -a5?
a0
In base 2, what is 1111110 + 11?
10000001
In base 15, what is -3 - 13b?
-13e
In base 7, what is -6 - 44?
-53
In base 16, what is -313 + -c?
-31f
In base 13, what is 1 - 11?
-10
In base 3, what is 101001222 + -2?
101001220
In base 2, what is 1000000 + -100?
111100
In base 13, what is -19 + -5a?
-76
In base 3, what is -22 + 110?
11
In base 14, what is -4b5b - 0?
-4b5b
In base 6, what is 20 + 3340?
3400
In base 4, what is -1031313 - -11?
-1031302
In base 14, what is -d + 19?
a
In base 16, what is -1 - 6e?
-6f
In base 9, what is -5 + 5?
0
In base 8, what is -2 + -440?
-442
In base 16, what is 4 + -1cc?
-1c8
In base 16, what is 1 - -e?
f
In base 9, what is 7 + 41?
48
In base 15, what is 5 - 253?
-24d
In base 5, what is -3 + -30?
-33
In base 9, what is -481 + -5?
-486
In base 14, what is 9 + -26?
-1b
In base 13, what is -9 - -9?
0
In base 16, what is b + -eb7?
-eac
In base 8, what is 20 + 652?
672
In base 9, what is 46 + -247?
-201
In base 2, what is 10 + -10010010?
-10010000
In base 8, what is -